r?
False
Suppose 0 = -3*v - 63 - 51. Let y be (-56)/(-98) - v/7. Let i = 125 + y. Is i composite?
False
Suppose 0*s - 4*s - 607 = -j, 5*j = 3*s + 3069. Suppose 53*g + u = 49*g + j, 5*g - 785 = 2*u. Is g a prime number?
False
Let l be 6678 + 0 + -6 + 8. Let h = 10611 + l. Is h a prime number?
True
Suppose 5*z = -a + 2858, 2*a + 3*a - 2278 = -4*z. Let w = z + 789. Is w a prime number?
True
Let x(m) = 2*m**2 - 50*m - 48. Let s be x(26). Suppose 2*b = y - 5317, 4*y = 6*y + s*b - 10634. Is y prime?
False
Suppose -5*i + r + 31349 = 0, 4*i + 2*r - 25076 = 6*r. Let q = i - -10141. Is q a prime number?
True
Let x = 4679 - 3170. Let d = x + -752. Suppose -7*p + d = -7006. Is p a prime number?
True
Let a(l) = 75*l - 70. Let y be 93/6 + 2/16*-4. Is a(y) prime?
False
Let y(x) = 36*x**2 - 16*x + 40. Let b be y(10). Let g = -2023 + b. Is g a prime number?
False
Let u = -432 - -432. Suppose u = -7*p + 13*p - 28506. Is p prime?
True
Suppose 3455 + 9511 = k. Suppose -k = 8*w - 14*w. Is w composite?
False
Let p(r) = 544*r**2 + 5*r - 26. Is p(-5) a prime number?
False
Suppose 72*k - 73*k + 2513 = 0. Let h = k + -1002. Is h prime?
True
Suppose 3*m - 2*j - 3 = 16, -m + 3*j = -11. Is (2 + (-2346)/4)/(m/(-10)) prime?
False
Suppose 52413 = 11*n - 1828. Let t = 12685 - n. Is t composite?
True
Suppose -412218 = 82*w - 100*w. Is w composite?
False
Suppose 0 = -3*i + 44 + 55. Let s(f) = -f**3 + 16*f**2 + 3*f - 5. Let d be s(8). Suppose 30*h = i*h - d. Is h a composite number?
True
Let u(s) = 29*s**2 - 47*s + 26. Is u(-72) a prime number?
False
Suppose -5*w + 102230 - 601863 = -f, -5*f - 3*w + 2498109 = 0. Is f composite?
True
Suppose 699*i = 765*i - 17968038. Is i a prime number?
False
Let b be 0 + -2 + -6*3. Let y = 117 - 55. Is (b - -13)*y/(-7) prime?
False
Let m = 1445299 + -644502. Is m a composite number?
True
Let g(w) = 4*w**2 + 23*w - 25. Let r = 49 - 21. Suppose r = -3*p - 29. Is g(p) a prime number?
False
Let m(b) = 27*b - 5. Let v(r) = 3*r**2 + 15*r - 3. Let k be v(-5). Let p be m(k). Is ((-385)/(-10))/(-11)*p/1 composite?
True
Let b(d) = -1267*d + 200. Is b(-18) prime?
False
Suppose 7*n - 4*n = -18. Let a be (9/n)/(12/(-10984)). Let f = a + -954. Is f composite?
False
Let z be (3/(-1))/(1 - (-10)/(-4)). Let c be z/2 + -1 - 12/(-4). Suppose c*t - 4*y = y + 1739, -2*y = -4. Is t a composite number?
True
Let h(g) = 13*g**3 - 6*g**2 + 27*g + 1. Let s(n) = -4*n**3 + 3*n**2 - 16*n - 1. Let k(w) = -4*h(w) - 7*s(w). Let r = -5 - -3. Is k(r) a composite number?
False
Suppose 5*a + 2*r = 14, 0 = -7*a + 3*a - r + 10. Let h(y) = -2*y**2 - 9*y - 2. Let d be h(-4). Suppose -o = a*o - t - 2040, -2*o = d*t - 1352. Is o prime?
False
Let g(k) = -239*k - 122. Let n be g(-19). Suppose 7*d = 4*d + n. Is d composite?
True
Let h be (2 + 1)*(-10)/(-24)*4. Suppose -13456 = -q - h*r, r - 5 + 4 = 0. Is q a composite number?
False
Let x(n) = -n**3 + 6*n**2 - 4*n - 7. Let d be x(5). Let s be 1 + 344 + 1 + d. Suppose -j - 33 = -s. Is j a composite number?
False
Let q(c) = 14*c + 6. Suppose 13 = 3*l + 16. Let a(y) = y. Let s(v) = l*q(v) + 10*a(v). Is s(-7) prime?
False
Let h(s) = -4204*s - 218. Is h(-3) composite?
True
Suppose 17*v - 172 - 185 = 0. Suppose 9*m = v*m - 24540. Is m composite?
True
Let r(w) = 4*w**3 - 11*w**2 + 4*w + 1. Let f be r(7). Suppose 2*p - f = -0*p. Suppose p + 439 = 6*z. Is z composite?
True
Let r = -4685 - -1404. Let a be r/9*-5 + (-4)/(-18). Suppose -3*u = -1738 - a. Is u a composite number?
False
Suppose 0 = -340*s + 329*s + 478291. Is s prime?
True
Let s = -33504 + 97343. Is s composite?
False
Suppose 0 = -2*p + p - 4*z - 21, 48 = -4*p - 4*z. Let l(s) = -694*s + 30. Let v be l(p). Suppose 3*a + 3*q = v, 3*q + 1552 = a - 552. Is a a composite number?
True
Let o(g) = 2*g**3 + 7*g**2 + 6*g + 14. Let u(m) = -m**3 + 10*m**2 + 2*m - 12. Let h be u(10). Let r be o(h). Let a = 1081 + r. Is a composite?
True
Let q(p) = p - 22. Let m be q(24). Let g(j) = -m*j + 0*j + 3*j + 0*j + 106*j**2 - 2. Is g(3) composite?
True
Let p(i) = -67*i + 118. Let t(k) = 2 - 51 - 7 - 23 + 45*k. Let v(s) = 5*p(s) + 7*t(s). Is v(-15) composite?
False
Let j = 15839 + 6744. Let p be j/(-11) - 1*-3. Let x = p + 3303. Is x a composite number?
True
Let p = 3581 + 6860. Is p a composite number?
True
Suppose -21*r = 19897 - 161584. Suppose 17449 = 2*m + r. Is m a prime number?
True
Let l(n) be the second derivative of -121*n**5/60 - 19*n**4/24 + 7*n**3/2 + 12*n. Let f(x) be the second derivative of l(x). Is f(-5) composite?
True
Let p = 30 - 25. Suppose -p*n + 1050 = 5*m, -207 = -m - 0*n - 2*n. Suppose -10*h - m + 2003 = 0. Is h a composite number?
False
Is (-213)/(-1065) + (-3265984)/(-5) a composite number?
False
Suppose -71*x + 107*x - 5453964 = 0. Is x a composite number?
False
Let a(r) = -328*r**3 - 5*r**2 + 11*r + 32. Is a(-6) prime?
False
Let f = 16797 - 7948. Is f prime?
True
Suppose 4*c - 5*n - 12584 = 3*c, -4*n - 50384 = -4*c. Suppose -c = -15*o + 9616. Is o prime?
True
Let k = 3 + -3. Suppose -3*u + 6382 - 482 = -h, 2*u + 4*h - 3938 = k. Is u a prime number?
False
Let c(z) be the first derivative of z**4/4 - 7*z**3/3 + 8*z**2 - 6*z - 8. Let o be c(5). Suppose 0 = -b - 2*y + 665, 5*y - o - 1 = 0. Is b composite?
True
Suppose -48*q - 444991 = -5*y - 50*q, -2*q + 355992 = 4*y. Is y a prime number?
False
Let k = 82510 - -264357. Is k composite?
False
Suppose -16 = 9*g - 5*g. Let w be (-2)/g*(3 - 7 - -4). Suppose -3*x - 3855 = -3*d - w*x, -2*d = -3*x - 2572. Is d composite?
False
Let b = -40 - -45. Suppose 2*x + b*m - 20 = 0, 2*x - 2*m + 8 = -0*m. Suppose 595 = 5*k - 5*o, x = 2*k + 5*o - 279 + 69. Is k prime?
False
Let a(l) = l**3 - 11*l**2 - 16*l - 6. Let o be a(12). Let f be ((-9)/o)/((-1)/(-6)). Let v(j) = 1400*j**2 - 3*j + 2. Is v(f) a composite number?
False
Is (-9)/(-18)*(50740 - 6) composite?
False
Let h(u) = u**3 - 17*u**2 + 20*u + 34. Let l be h(23). Let z = -2245 + l. Is z a prime number?
True
Let y be (-4)/2 - 5/((-5)/9). Suppose -y*r - 2757 = -10576. Is r a prime number?
True
Let r = -33 - -51. Let y be (-24)/(-108) - 4/r. Suppose -15*u + 437 + 748 = y. Is u a prime number?
True
Is 177843/(-9)*-12 + 3 a composite number?
True
Let b = 930645 + -301804. Is b prime?
True
Suppose -9*l + 5*l = -c + 12, 0 = c + 2*l + 6. Suppose -14 + 4 = -5*n. Suppose c = n*t - 36 - 30. Is t a composite number?
True
Is (-421724)/(-28) - ((-186)/(-252) + (-5)/30) a prime number?
True
Let z(p) = 2*p**3 - 34*p**2 + 18*p - 23. Let v be z(25). Let m = v - 2633. Suppose -3018 - m = -12*n. Is n a composite number?
True
Let u = 442 + -440. Suppose 0 = -3*o, u*p + 18*o - 9458 = 20*o. Is p prime?
True
Let k be (4/8)/(1/916). Let w = k - -4227. Is w prime?
False
Let t(k) = -225346*k - 4457. Is t(-3) composite?
False
Let g(n) be the second derivative of -49*n**5/40 - n**4/12 + n**3/2 - 5*n. Let v(m) be the second derivative of g(m). Is v(-1) composite?
True
Suppose -4*r + 7*r + 5*z = 862, 600 = 2*r - 3*z. Is r - (6 + 1 - 2) a prime number?
False
Suppose 4*x - 2180645 = 5*s + 722038, 0 = -4*x + 4*s + 2902688. Is x composite?
True
Let l be (2 + -2)*(-6)/(-18). Suppose l = k - 2, k = -4*f + 30 - 8. Is 4/5 - (-1726)/f composite?
True
Let z(s) = 228*s**2 - 19*s - 488. Is z(23) prime?
True
Let w = -712 - -1693. Let i = w + 38. Is i composite?
False
Let m(x) = x**3 + 15*x**2 - 16*x. Let g be m(-16). Suppose g - 54 = 6*c. Is 55/(-4)*(c - -5) prime?
False
Suppose 271326 + 202114 = 4*a + h, 0 = -a + 4*h + 118377. Is a composite?
False
Let c(p) = 26*p**3 + 4*p**2 + 1. Let b(h) = -3*h**3 - 2*h**2 + h + 1. Let x be b(-1). Let m = 4 - x. Is c(m) a prime number?
True
Let v(c) = 14289*c**3 - 3*c**2 - 14*c + 29. Is v(2) a composite number?
True
Let o be 4/3 + 10130/(-15). Suppose 2*p = -0*p - 3174. Let n = o - p. Is n a prime number?
False
Is ((-3)/((-18)/(-198988)))/(15 - (-828)/(-54)) a prime number?
False
Let b = 64791 + -40510. Is b a prime number?
True
Let f = 4616452 - 2200983. Is f composite?
True
Let l(c) = 33*c + 1. Let a(m) = m**2 - 5. Let t be a(-3). Let o(f) = 32*f + 1. Let p(v) = t*l(v) - 5*o(v). Is p(-8) composite?
False
Let i(s) be the third derivative of 18*s**2 - 1/24*s**4 - 8/3*s**3 + 1/6*s**5 + 0*s + 0. Is i(-13) a prime number?
False
Let p = -129245 + 286406. Is p a prime number?
False
Suppose -67*r + 71*r = 136